t(-7). Suppose n*l = -j*l + 200. What are the prime factors of l?
2, 5
Suppose h = -5*r + 11, 7 = -r + 5*r - h. List the prime factors of (r - 0)/((-8)/(-596)*1).
149
Let g(s) = -223*s**3 + 2*s**2 - 2*s - 3. Let k be g(-1). Let v be (0 + 3)/((-33)/(-374)). Let b = k + v. List the prime factors of b.
2, 3, 43
Let a(t) = 17*t**2 - 26*t - 60. Let m(n) = 15*n**2 - 26*n - 59. Let j(x) = -6*a(x) + 7*m(x). What are the prime factors of j(16)?
13, 23
Let g(n) = -4 - 8 - 10*n - 10 + 30. Let a be g(-7). Suppose -10*y + 9*y = -a. List the prime factors of y.
2, 3, 13
Suppose -86674 + 26810 = -14*y. What are the prime factors of y?
2, 1069
What are the prime factors of (-1038)/(-2249) + (-81530)/(-13)?
2, 7
Suppose 2*v + c + 4*c - 1294 = 0, 4*v + 5*c - 2598 = 0. Suppose 2*o = 4*y + v + 294, 5*y - 480 = -o. What are the prime factors of o?
5, 19
Suppose -c + 3*c = i - 13, -i = 5*c + 36. Let g = c - -11. Suppose g*m + 3*m = 546. What are the prime factors of m?
2, 3, 13
Suppose 0 = 3*j - 28 - 107. Suppose 4*q - 23 - j = 0. Suppose 2*l = k + 86, -2*k - q = -l + 32. What are the prime factors of l?
41
Suppose 3*f = -6*t + t + 21556, 2*f - 14375 = t. Suppose -9*y + 6700 = -f. What are the prime factors of y?
1543
Let f(q) = -q**3 + q**2. Let x(w) = 5*w**3 - 12*w**2 - 13*w - 14. Let m(y) = 6*f(y) + x(y). List the prime factors of m(-5).
2, 13
Let c(r) = 66*r**3 - 2*r**2 + 2*r. Let f be c(1). Let x = -61 + f. Suppose -m + 0*o + 3*o = -110, -x*o - 116 = -m. What are the prime factors of m?
101
Suppose 0 = -13*i - 3*i - 336. List the prime factors of 695 - 4/(28/i).
2, 349
Suppose -23 = -3*c + 4*l, 4*l + 19 = 5*c + 7*l. Suppose c*g + 8 = 28. Let n(d) = 21*d - 13. What are the prime factors of n(g)?
71
Let c = 247 - 477. Let z = c + 404. Suppose -3*q = -93 - z. List the prime factors of q.
89
Suppose 0*y - 84 = -21*y. What are the prime factors of y?
2
Let d = -11218 - -28608. What are the prime factors of d?
2, 5, 37, 47
Let w = 105 - 104. List the prime factors of 4*w - 771/(6 - 7).
5, 31
Suppose -3*z + 14 = -22. Let m(n) = -2*n**2 + 19*n - 19. Let d be m(z). List the prime factors of (-28)/(-4) + -4 - d.
2, 41
Let h(b) = 54*b + 18. Let a be h(13). Suppose -2*k + a = -322. What are the prime factors of k?
521
Let g = 7163 + 12822. What are the prime factors of g?
5, 7, 571
Let i = 8890 + -5238. Suppose -91*a = -95*a + i. What are the prime factors of a?
11, 83
Suppose 0 = -3*j + 19 - 10. Suppose j*i - 2*a = 3443, 3*i - 5*a = -2*a + 3438. List the prime factors of i.
1151
Let i be (3 + 414)/3 + (-3 - 0). Let q = 420 - i. Let r = q - 190. List the prime factors of r.
2, 47
List the prime factors of 1 + (16 - 34) + 12507.
2, 5, 1249
Suppose 0*f + 22*f = 12804. Suppose 3*n - 1774 = -w, 0*n + 2*w = n - f. List the prime factors of n.
2, 5, 59
Suppose -z + 1507 = -0*z - 4*a, -4*z + 3*a = -6054. Suppose 5*v - 5 = -0*v, -4*d + z = -v. What are the prime factors of d?
379
What are the prime factors of ((-1613675)/75)/(35/(-30))?
2, 9221
Suppose 0 = 9*j + 66 + 6. Let s = j - -21. Let l(h) = 2*h - 23. List the prime factors of l(s).
3
Let v = -9571 + 15130. What are the prime factors of v?
3, 17, 109
List the prime factors of (-129322)/(-14) - 338/1183.
3, 3079
Let w = 114761 - 7780. What are the prime factors of (w/14)/17 + 1/2?
2, 3, 5
Let u(t) = -t**3 + 10*t**2 - 16*t + 75. Let c be u(9). Suppose d + 7 = -4*r, -5*r + 8*d - 15 = 3*d. Let s = c + r. What are the prime factors of s?
2, 5
Let l be 628 - -3 - (-56)/(-14). Let o = 1026 - l. What are the prime factors of o?
3, 7, 19
Let d(f) = -46*f**3 - 2*f**2 - 7*f - 8. Let r be d(-2). Let b = 379 + r. What are the prime factors of b?
5, 149
Suppose q + 534 = 3*q. Suppose 643*r = 648*r - 2090. Let w = r - q. What are the prime factors of w?
151
Suppose 3*v = -17 - 7. Suppose 2*m + d = 15, 2*m = 5*d - 0*d - 3. What are the prime factors of (-55 + 25/(-5))*m/v?
3, 5
Let b(n) = -2805*n + 1652. List the prime factors of b(-17).
103, 479
List the prime factors of 587176/156 + 16/312.
2, 941
Let b(q) = -13. Let u(v) = v + 51. Let j(d) = 9*b(d) + 2*u(d). Let o be j(-8). List the prime factors of 2*o*(-6)/3.
2, 31
Suppose -v = -13*v + 29*v - 267954. What are the prime factors of v?
2, 3, 37, 71
Let b = 450 - 445. Suppose n + 4*a = 939, -b*n + 3*a + 4787 = -0*a. What are the prime factors of n?
5, 191
Let q = 3337 - 1512. Let l = q - 1140. List the prime factors of l.
5, 137
Let c(j) = j**2 - 22*j - 15. Let r be c(22). Let y(t) = -53*t + 156. List the prime factors of y(r).
3, 317
Let v(d) = -d + 3*d**3 - d + 3*d**3 + 3 - 1. Let j = -19 + 21. List the prime factors of v(j).
2, 23
Let y(r) = 45*r**2 + 18*r + 86. List the prime factors of y(-6).
2, 17, 47
Let i be 0/2 + (37 - -10). Let y = i + -59. List the prime factors of (-8)/(-10)*y/16*-345.
3, 23
Let p(w) = -11*w**3 - 67*w**2 - 59*w + 57. Let q(h) = -5*h**3 - 34*h**2 - 30*h + 28. Let c(f) = -6*p(f) + 13*q(f). What are the prime factors of c(41)?
227
Let d(p) = -571*p**2 + 19*p - 8. Let o(u) = 381*u**2 - 12*u + 5. Let s(n) = -5*d(n) - 8*o(n). Let f be s(-1). Let w = 8 - f. List the prime factors of w.
2, 101
Let g(p) = 9*p**2 + 5*p + 2. Let s be g(5). Let h be (((-144)/(-28))/6)/((-2)/s). What are the prime factors of (h/(-14))/((-30)/(-140))?
2, 3
Suppose i - 203 = -6*i. Suppose -i*u + 4676 = -22*u. Suppose -10*y - u = -14*y. List the prime factors of y.
167
Suppose f + 18 - 23 = 0. Let s be -1 - (3 + -6) - -409. Suppose b = -4*u + s, 0 = 4*b - 7 - f. List the prime factors of u.
2, 3, 17
Let v be (-3 - -3 - 304) + -2. Let a = v - -520. List the prime factors of a.
2, 107
Let w(p) = -525*p - 721. What are the prime factors of w(-12)?
7, 797
Let l = 235 + -241. List the prime factors of 2067/7 - (l/7)/(-3).
5, 59
Suppose 0 = -h - 4, 0 = 3*c - 5*c - h - 2. Let a be (-61 - (-6)/(-3))/c. List the prime factors of (75/(-9) - -3)/(6/a).
2, 7
Let r be 1/((-5)/5)*-25. Suppose 2*x + r + 20 = -3*f, -55 = x - 5*f. Let l = -28 - x. What are the prime factors of l?
2
Suppose 0 = 7*w - 0*w + 35. Let h(m) be the third derivative of -3*m**4/4 - 4*m**3/3 + m**2. List the prime factors of h(w).
2, 41
Let m = 2859 + 86. What are the prime factors of m?
5, 19, 31
Let o(i) = -86*i**2 - 3*i + 2. Let d be o(1). Let x = -67 - d. Let p = 87 + x. What are the prime factors of p?
107
Suppose 5*v + 35175 = 19*v - 9*v. What are the prime factors of v?
3, 5, 7, 67
Let t(s) = 817*s - 444. What are the prime factors of t(9)?
3, 7, 47
What are the prime factors of ((-72)/252 + (-925984)/(-35))/((-8)/(-20))?
3, 7349
Suppose 58*z - 55*z + 4577936 = 79*z. What are the prime factors of z?
2, 11, 37
Suppose 4*y + 2*h - 5260 = 0, -2*y + 2654 = 34*h - 36*h. What are the prime factors of y?
1319
Suppose -556*n + 33308 = 2*y - 555*n, 2*y + 4*n = 33290. What are the prime factors of y?
16657
Let j = -48085 + 67474. List the prime factors of j.
3, 23, 281
What are the prime factors of (-24 - (-19002)/12)/((-1)/(-10))?
5, 3119
Suppose 0 = 4*u - 3*f - 141, 76 = 3*u + f - 33. Suppose 0 = 11*a - 118 - u. What are the prime factors of a?
2, 7
Let v = -59 + 53. Let h be -182 + (-4)/8*v. Let b = -53 - h. List the prime factors of b.
2, 3, 7
Let b = 6534 - 3040. What are the prime factors of b?
2, 1747
Let p = 51 + -48. Let i(q) = 2 + 8 - 17 + p + 16*q. List the prime factors of i(9).
2, 5, 7
Let f = 726 - -742. Suppose -5*d = -4*x - 1452, f = 5*d - x + 5*x. What are the prime factors of d?
2, 73
Let v = -359 - -364. Suppose 4*l - 1104 = -4*i, 4*l - 945 = -v*i + 156. List the prime factors of l.
3, 31
Let t(p) = p**3 - 2*p + 8. Let z(j) = -j**2 + 9*j + 10. Let c be z(10). Let y be t(c). What are the prime factors of (-10)/25*(-820)/y?
41
Let g be (-7)/(-28) + 5 + (-6)/(-8). Suppose u - g*u = -1485. What are the prime factors of u?
3, 11
Suppose 10*h - 15*h + 4*o + 79375 = 0, -4*h + 3*o + 63500 = 0. List the prime factors of h.
5, 127
Suppose 26*o + 28*o = 55*o - 6525. List the prime factors of o.
3, 5, 29
Let t(g) = -g**3 + 13*g**2 - 14*g + 29. Let s be t(12). Suppose -18*f + 1145 = s*d - 23*f, 0 = -4*d - 4*f + 932. List the prime factors of d.
3, 7, 11
Let y(f) be the second derivative of 7*f**4/12 - 5*f**3/2 + 7*f**2 - 2*f + 1. What are the prime factors of y(11)?
2, 3, 29
Let q(d) = -3*d - 16. Suppose -4*p + 28 = -4*o, p = 2